0. What is the highest common divisor of 9 and m?
9
Suppose 0*a = 2*f + 2*a - 34, -2*f + 22 = -a. Calculate the highest common divisor of 13 and f.
13
Let w(n) = n**2 - 8*n - 3. Let o be w(9). Let g be ((-4)/o)/((-1)/18). What is the highest common divisor of 3 and g?
3
Let b(k) = -45*k + 5. Let s(v) = -v - 19. Let g be s(-13). Let d be b(g). Calculate the highest common factor of 25 and d.
25
Let h = -13 + 23. What is the greatest common factor of 15 and h?
5
Let p be 4760/44 - 4/22. Calculate the greatest common factor of 12 and p.
12
Let q = -2 - -9. What is the greatest common factor of q and 56?
7
Let u = -41 + 48. Suppose -3*z + 45 = 3*f, 3*f + 4*z - 17 = 29. What is the highest common divisor of u and f?
7
Let h(f) = f**2 + 3*f. Let p be h(-4). Suppose p = -2*o + 4*o. Calculate the highest common factor of 16 and o.
2
Suppose 0*w = -2*w - 4, 0 = v + w - 16. Suppose -a + v = 2*a + 3*u, -4*a - u + 36 = 0. Suppose 200 = 5*l - 0*l. What is the highest common divisor of a and l?
10
Let u(j) = -17*j. Let o(a) = -1581*a. Let i(s) = -2*o(s) + 187*u(s). Let x be (0 + 2)*(-2 - 0). Let r be i(x). Calculate the highest common divisor of 17 and r.
17
Let f = -251 - -359. What is the greatest common divisor of 12 and f?
12
Let l(w) = 7*w**2 - 2*w - 2. Let b be l(2). Let v = -10 - -1. Let g be 3/(-2)*12/v. Calculate the highest common factor of b and g.
2
Let p(b) = b**2 - b - 2. Let k = 7 - 3. Suppose 4*r = -k - 4. Let v be p(r). What is the highest common factor of 1 and v?
1
Suppose -376 = -2*p - 54. Calculate the greatest common factor of 23 and p.
23
Suppose -460 = -2*t - c - 4*c, -3*t + 664 = c. What is the greatest common divisor of t and 11?
11
Suppose 4*r = -0*r + 80. Let s(y) = 0 - 2*y**3 - 2*y + 3*y - 2*y**2 - 2 - 1. Let j be s(-3). Calculate the greatest common factor of r and j.
10
Suppose 7*u - 22 = 3*u + 2*b, 2*u - 2*b - 16 = 0. Let h(r) = -r**2 + 0 + 2 + 6 + r**u. Let q be h(0). Calculate the highest common divisor of q and 2.
2
Let f be (-3 + 5)*168/3. Calculate the highest common factor of 16 and f.
16
Suppose 0*k + 2*k - 288 = 0. Let u be -2*(9/2 + -2). Let h be (-82)/u - 6/15. What is the greatest common factor of k and h?
16
Suppose 3*h + 26 + 18 = 2*o, 2*o - h - 44 = 0. Suppose 33 = 4*v - 231. Calculate the greatest common factor of o and v.
22
Let n = -21 - -21. Suppose n = -5*u + 22 + 3. Calculate the highest common divisor of u and 15.
5
Suppose 2*n + 3*n = 15, -5*n = 4*s - 163. Let y = -16 + s. Calculate the greatest common divisor of y and 14.
7
Let n(h) = -h**3 + h**2 + 2. Suppose -2 = -4*o + 6. Let g be n(o). Let k be (-5)/(-2) + 3/g. Calculate the greatest common divisor of 9 and k.
1
Let p = 17 - 7. Suppose 0 = -5*s + 117 - 7. Suppose -5*g = -2*k + 4*k - 55, -k = -3*g - s. Calculate the greatest common divisor of k and p.
5
Let x(s) = s**2 + s + 2. Let h be x(0). Suppose 54 = f + h*f. What is the greatest common factor of 45 and f?
9
Let l(i) = i**2 + 3*i - 7. Let u be l(-5). Calculate the greatest common divisor of 6 and u.
3
Suppose 0 = -2*h - 6*f + 2*f + 144, h + 5*f - 72 = 0. Suppose 2*u - 10 = -2*s, -3*s + 4*u + 36 = -7. Calculate the highest common factor of h and s.
9
Let f(u) = -u**3 + 6*u**2 - 3*u - 2. Let k be f(3). What is the highest common divisor of 24 and k?
8
Let j(h) = h**3 + h**2 + 5*h + 2. Let x be j(-4). Let o be x/(-4) - 2/4. Let g be (-24)/56 - 1/14*-1126. What is the highest common factor of g and o?
16
Suppose -l = 3*f - 0*f + 31, 4*f - l + 39 = 0. Let k = f + 13. Calculate the highest common factor of k and 27.
3
Let f = 59 - 41. What is the highest common divisor of f and 144?
18
Suppose 4*t + 6 = 3*y - 16, -2*t = -4. Suppose -5*f - 6*g = -g - 135, -4*f - 3*g + 111 = 0. Calculate the highest common factor of y and f.
10
Let m = 12 - 12. Suppose -70 = -p - m*p. Calculate the greatest common factor of 7 and p.
7
Let y be (16 + -4)/(-3) + 10. Calculate the greatest common factor of y and 30.
6
Suppose 5*q = s + 99, 4*s = -3*q + s + 45. Let o be 2/10 + 3 + 5145/25. What is the greatest common divisor of o and q?
19
Let a(i) = -i - 6. Let w be a(-5). Let n be ((-2)/(-4))/((-2)/4). Let h be (n - 0) + w + 3. Calculate the highest common divisor of 1 and h.
1
Let k be (9 - 4) + -2 + 6. What is the highest common factor of k and 54?
9
Suppose 4*c = c + 9. Let n = 2 - -2. Let q(z) = z**3 - z**2 - 5*z + 5. Let d be q(n). What is the greatest common factor of c and d?
3
Suppose -b - p + 74 = 0, -b + 58 = 3*p + 2*p. What is the highest common divisor of 26 and b?
26
Suppose 0 = -3*q - 7*q + 10. What is the highest common factor of 5 and q?
1
Let o = 34 + -19. Let m be (18/o)/(4/160). What is the highest common divisor of 6 and m?
6
Let s = -8 - -6. Let q = 5 + s. Let k(w) = 2*w - 4. Let t be k(3). What is the greatest common factor of q and t?
1
Suppose 3*b - 18 = 87. Calculate the greatest common factor of b and 7.
7
Let x = 4 - 1. Let y(r) = r**2 - 10 + x - 4 + 6*r. Let z be y(-8). Calculate the greatest common factor of z and 10.
5
Let b(r) = -r**2 - 9*r - 14. Let p be b(-4). Calculate the highest common factor of 24 and p.
6
Let h be (4 - 4)*(-1)/(-1). Suppose 5*o + 0*o = h. Let z be -10*(o - (-52)/(-5)). Calculate the highest common factor of 13 and z.
13
Let z(o) = 5*o + 2. Suppose 3*k = -k + 16. Let y be z(k). What is the highest common divisor of y and 55?
11
Suppose 4*m - 57 - 23 = 0. Suppose -3*v = -m - 19. Suppose 5*h - 191 = q, -h + 27 = -q - 8. Calculate the highest common factor of v and h.
13
Suppose -18 = -5*v + 17. Suppose 45 = x + 5*p - v, 22 = x - p. What is the highest common factor of 9 and x?
9
Suppose -4*b + 20 = -8. What is the highest common divisor of 56 and b?
7
Let g(v) = 4*v - 3 + 3*v - v + 0*v. Let n be g(6). Let t(b) = -b**3 - 2*b**2 + 6*b + 3. Let f be t(-4). What is the highest common factor of n and f?
11
Let l(t) = -t + 2. Let a be l(6). Let d = -1 + a. Let r = 0 - d. Calculate the highest common factor of r and 25.
5
Let j be 88/(-14) - (-2)/7. Let l = j + 2. Let n(u) = -u**3 - 4*u**2 - 4*u - 4. Let w be n(l). What is the highest common factor of 36 and w?
12
Let o(d) = -d**3 - 11*d**2 - 10*d + 10. Let b be o(-10). What is the highest common divisor of b and 10?
10
Let o = -104 + 200. Suppose -5*x + 3*r = -195, -77 - 22 = -2*x - 3*r. Let n = x - 30. Calculate the greatest common divisor of o and n.
12
Suppose -2*a + 5 = -1. Suppose a*m - 88 = -2*k, 0 = 3*k + 2*m - 89 - 43. Calculate the highest common divisor of 4 and k.
4
Suppose 4*h = -16, 2*g - 4*h = -9*h - 24. Let a(z) = 7*z**2 + 3*z. Let f be a(g). Calculate the highest common factor of f and 22.
22
Let z(u) = 12 - 4 - u + 2. Let g be z(8). Suppose -5 - 13 = -g*a. What is the greatest common factor of 18 and a?
9
Let v be 18/(-45) - 254/(-10). What is the greatest common factor of v and 25?
25
Let m(z) = -2*z**3 - 4*z**2 - 2*z. Let t be m(-2). Suppose 14*k - 90 = 5*k. Calculate the highest common factor of k and t.
2
Let t be (-2)/6 - 136/(-12). Calculate the highest common divisor of t and 121.
11
Suppose -4 = -2*r + r. Suppose 95 = d + 2*l + l, -d - r*l = -100. Suppose -40 = -3*i - i. Calculate the greatest common divisor of d and i.
10
Let l(z) = z**3 - z**2 - 2*z + 4. Let b be l(3). Let r = -80 + 39. Let a = -25 - r. Calculate the highest common divisor of a and b.
16
Suppose p + 29 - 141 = 0. Suppose 0 = -4*v + 71 - 15. What is the greatest common divisor of p and v?
14
Let w = -7 - -17. Let n(r) = -25*r**3. Let a be n(-1). Calculate the highest common divisor of a and w.
5
Let f(x) = 6*x**3 - 2*x**2 - 3*x + 3. Let b be f(2). Calculate the highest common factor of b and 111.
37
Let w = 1015 + -487. What is the highest common divisor of w and 66?
66
Let y(b) = -18*b**3 + 2*b**2 - b + 2. Let i be y(2). Let n = i - -208. Let q be 2*5 + -2*1. Calculate the greatest common factor of q and n.
8
Let x be 3 + (-4)/((-4)/57). Suppose -x = -5*p - 0*p. Suppose -6*n = -3*n - 24. Calculate the highest common factor of p and n.
4
Let n(f) = 7*f**3 - f**2 - f - 1. Let q be n(-1). Let r = -7 - q. Suppose 5*w = 24 + 31. Calculate the greatest common factor of r and w.
1
Let u = -30 - -36. Calculate the greatest common divisor of u and 42.
6
Let s(m) = -m**2 + 3. Let t be s(2). Let r be (t - -1) + 0 + 6. Calculate the highest